{"version":"1.0","provider_name":"L&#039;Altra Garrotxa","provider_url":"https:\/\/laltragarrotxa.com\/en\/","author_name":"esteveserra","author_url":"https:\/\/laltragarrotxa.com\/en\/author\/esteveserra\/","title":"Senderisme, mitja jornada - L&#039;Altra Garrotxa","type":"rich","width":600,"height":338,"html":"<blockquote class=\"wp-embedded-content\" data-secret=\"wZvRkOWuWQ\"><a href=\"https:\/\/laltragarrotxa.com\/en\/producte\/senderisme-mitja-jornada\/\">Senderisme, mitja jornada<\/a><\/blockquote><iframe sandbox=\"allow-scripts\" security=\"restricted\" src=\"https:\/\/laltragarrotxa.com\/en\/producte\/senderisme-mitja-jornada\/embed\/#?secret=wZvRkOWuWQ\" width=\"600\" height=\"338\" title=\"&#8220;Senderisme, mitja jornada&#8221; &#8212; L&#039;Altra Garrotxa\" data-secret=\"wZvRkOWuWQ\" frameborder=\"0\" marginwidth=\"0\" marginheight=\"0\" scrolling=\"no\" class=\"wp-embedded-content\"><\/iframe><script>\n\/*! This file is auto-generated *\/\n!function(d,l){\"use strict\";l.querySelector&&d.addEventListener&&\"undefined\"!=typeof URL&&(d.wp=d.wp||{},d.wp.receiveEmbedMessage||(d.wp.receiveEmbedMessage=function(e){var t=e.data;if((t||t.secret||t.message||t.value)&&!\/[^a-zA-Z0-9]\/.test(t.secret)){for(var s,r,n,a=l.querySelectorAll('iframe[data-secret=\"'+t.secret+'\"]'),o=l.querySelectorAll('blockquote[data-secret=\"'+t.secret+'\"]'),c=new RegExp(\"^https?:$\",\"i\"),i=0;i<o.length;i++)o[i].style.display=\"none\";for(i=0;i<a.length;i++)s=a[i],e.source===s.contentWindow&&(s.removeAttribute(\"style\"),\"height\"===t.message?(1e3<(r=parseInt(t.value,10))?r=1e3:~~r<200&&(r=200),s.height=r):\"link\"===t.message&&(r=new URL(s.getAttribute(\"src\")),n=new URL(t.value),c.test(n.protocol))&&n.host===r.host&&l.activeElement===s&&(d.top.location.href=t.value))}},d.addEventListener(\"message\",d.wp.receiveEmbedMessage,!1),l.addEventListener(\"DOMContentLoaded\",function(){for(var e,t,s=l.querySelectorAll(\"iframe.wp-embedded-content\"),r=0;r<s.length;r++)(t=(e=s[r]).getAttribute(\"data-secret\"))||(t=Math.random().toString(36).substring(2,12),e.src+=\"#?secret=\"+t,e.setAttribute(\"data-secret\",t)),e.contentWindow.postMessage({message:\"ready\",secret:t},\"*\")},!1)))}(window,document);\n\/\/# sourceURL=https:\/\/laltragarrotxa.com\/wp-includes\/js\/wp-embed.min.js\n<\/script>\n","thumbnail_url":"https:\/\/laltragarrotxa.com\/wp-content\/uploads\/2024\/08\/DSF0651w.jpg","thumbnail_width":1400,"thumbnail_height":1400,"description":"Preu tancat de 260\u20ac per grup de 1 a 6 persones,\u00a0 necessari reservar amb 24 hores d&#8217;antelaci\u00f3. Excursi\u00f3 de 5-6 hores aproximadament. El transport fins al lloc d&#8217;inici i tornada de l&#8217;activitat \u00e9s gratu\u00eft pels nostres clients. Ens ajustem a la condici\u00f3 f\u00edsica dels participants. Durant la sortida es realitzen diferents aturades en punts d&#8217;inter\u00e9s: [&hellip;]"}

Preu tancat de 260€ per grup de 1 a 6 persones,  necessari reservar amb 24 hores d&#8217;antelació. Excursió de 5-6 hores aproximadament. El transport fins al lloc d&#8217;inici i tornada de l&#8217;activitat és gratuït pels nostres clients. Ens ajustem a la condició física dels participants. Durant la sortida es realitzen diferents aturades en punts d&#8217;interés: [&hellip;]
