{"id":90,"date":"2024-07-29T18:40:54","date_gmt":"2024-07-29T16:40:54","guid":{"rendered":"https:\/\/laltragarrotxa.btiquets.com\/?post_type=product&#038;p=90"},"modified":"2025-05-27T11:51:47","modified_gmt":"2025-05-27T09:51:47","slug":"senderisme-mitja-jornada","status":"publish","type":"product","link":"https:\/\/laltragarrotxa.com\/en\/producte\/senderisme-mitja-jornada\/","title":{"rendered":"Senderisme, mitja jornada"},"content":{"rendered":"<p>Preu tancat de 260\u20ac per grup de 1 a 6 persones,\u00a0 necessari reservar amb 24 hores d&#8217;antelaci\u00f3.<\/p>\n<p>Excursi\u00f3 de 5-6 hores aproximadament.<\/p>\n<p>El transport fins al lloc d&#8217;inici i tornada de l&#8217;activitat \u00e9s gratu\u00eft pels nostres clients.<\/p>\n<p>Ens ajustem a la condici\u00f3 f\u00edsica dels participants.<\/p>\n<p>Durant la sortida es realitzen diferents aturades en punts d&#8217;inter\u00e9s: coves, ermites, miradors, masos amics, boscos, arbres centenaris&#8230;<\/p>\n<p>Si t&#8217;agrada la fotografia, durant la sortida t&#8217;ajudar\u00e9 a millorar les teves imatges, tan si utilitzes el m\u00f2bil com c\u00e0mera digital.<\/p>\n<p>Disposem de moltes sortides diferents adaptades a les diferents estacions de l&#8217;any i a l&#8217;inter\u00e9s del visitant.<\/p>\n<p><strong>Possibilitat d&#8217;organitzar dinar en mas particular o enmig de la natura (contactar per organitzar 48h abans, preu no incl\u00f3s)<\/strong><\/p>\n<p>&nbsp;<\/p>\n<p>&nbsp;<\/p>\n","protected":false},"excerpt":{"rendered":"<p>Preu tancat de 260\u20ac per grup de 1 a 6 persones,\u00a0 necessari reservar amb 24 hores d&#8217;antelaci\u00f3. Excursi\u00f3 de 5-6 hores aproximadament. El transport fins al lloc d&#8217;inici i tornada de l&#8217;activitat \u00e9s gratu\u00eft pels nostres clients. Ens ajustem a la condici\u00f3 f\u00edsica dels participants. Durant la sortida es realitzen diferents aturades en punts d&#8217;inter\u00e9s: [&hellip;]<\/p>\n","protected":false},"featured_media":297,"template":"","meta":[],"product_cat":[15],"product_tag":[],"class_list":{"0":"post-90","1":"product","2":"type-product","3":"status-publish","4":"has-post-thumbnail","6":"product_cat-sempre-tot-lany","8":"first","9":"instock","10":"sold-individually","11":"taxable","12":"shipping-taxable","13":"purchasable","14":"product-type-simple"},"yoast_head":"<!-- This site is optimized with the Yoast SEO plugin v25.7 - https:\/\/yoast.com\/wordpress\/plugins\/seo\/ -->\n<title>Senderisme, mitja jornada - L&#039;Altra Garrotxa<\/title>\n<meta name=\"robots\" content=\"index, follow, max-snippet:-1, max-image-preview:large, max-video-preview:-1\" \/>\n<link rel=\"canonical\" href=\"https:\/\/laltragarrotxa.com\/en\/producte\/senderisme-mitja-jornada\/\" \/>\n<meta property=\"og:locale\" content=\"en_US\" \/>\n<meta property=\"og:type\" content=\"article\" \/>\n<meta property=\"og:title\" content=\"Senderisme, mitja jornada - L&#039;Altra Garrotxa\" \/>\n<meta property=\"og:description\" content=\"Preu tancat de 260\u20ac per grup de 1 a 6 persones,\u00a0 necessari reservar amb 24 hores d&#8217;antelaci\u00f3. Excursi\u00f3 de 5-6 hores aproximadament. El transport fins al lloc d&#8217;inici i tornada de l&#8217;activitat \u00e9s gratu\u00eft pels nostres clients. Ens ajustem a la condici\u00f3 f\u00edsica dels participants. Durant la sortida es realitzen diferents aturades en punts d&#8217;inter\u00e9s: [&hellip;]\" \/>\n<meta property=\"og:url\" content=\"https:\/\/laltragarrotxa.com\/en\/producte\/senderisme-mitja-jornada\/\" \/>\n<meta property=\"og:site_name\" content=\"L&#039;Altra Garrotxa\" \/>\n<meta property=\"article:modified_time\" content=\"2025-05-27T09:51:47+00:00\" \/>\n<meta property=\"og:image\" content=\"https:\/\/laltragarrotxa.com\/wp-content\/uploads\/2024\/08\/DSF0651w.jpg\" \/>\n\t<meta property=\"og:image:width\" content=\"1400\" \/>\n\t<meta property=\"og:image:height\" content=\"1400\" \/>\n\t<meta property=\"og:image:type\" content=\"image\/jpeg\" \/>\n<meta name=\"twitter:card\" content=\"summary_large_image\" \/>\n<meta name=\"twitter:label1\" content=\"Est. reading time\" \/>\n\t<meta name=\"twitter:data1\" content=\"1 minute\" \/>\n<script type=\"application\/ld+json\" class=\"yoast-schema-graph\">{\"@context\":\"https:\/\/schema.org\",\"@graph\":[{\"@type\":\"WebPage\",\"@id\":\"https:\/\/laltragarrotxa.com\/en\/producte\/senderisme-mitja-jornada\/\",\"url\":\"https:\/\/laltragarrotxa.com\/en\/producte\/senderisme-mitja-jornada\/\",\"name\":\"Senderisme, mitja jornada - L&#039;Altra Garrotxa\",\"isPartOf\":{\"@id\":\"https:\/\/laltragarrotxa.com\/en\/#website\"},\"primaryImageOfPage\":{\"@id\":\"https:\/\/laltragarrotxa.com\/en\/producte\/senderisme-mitja-jornada\/#primaryimage\"},\"image\":{\"@id\":\"https:\/\/laltragarrotxa.com\/en\/producte\/senderisme-mitja-jornada\/#primaryimage\"},\"thumbnailUrl\":\"https:\/\/laltragarrotxa.com\/wp-content\/uploads\/2024\/08\/DSF0651w.jpg\",\"datePublished\":\"2024-07-29T16:40:54+00:00\",\"dateModified\":\"2025-05-27T09:51:47+00:00\",\"breadcrumb\":{\"@id\":\"https:\/\/laltragarrotxa.com\/en\/producte\/senderisme-mitja-jornada\/#breadcrumb\"},\"inLanguage\":\"en-US\",\"potentialAction\":[{\"@type\":\"ReadAction\",\"target\":[\"https:\/\/laltragarrotxa.com\/en\/producte\/senderisme-mitja-jornada\/\"]}]},{\"@type\":\"ImageObject\",\"inLanguage\":\"en-US\",\"@id\":\"https:\/\/laltragarrotxa.com\/en\/producte\/senderisme-mitja-jornada\/#primaryimage\",\"url\":\"https:\/\/laltragarrotxa.com\/wp-content\/uploads\/2024\/08\/DSF0651w.jpg\",\"contentUrl\":\"https:\/\/laltragarrotxa.com\/wp-content\/uploads\/2024\/08\/DSF0651w.jpg\",\"width\":1400,\"height\":1400},{\"@type\":\"BreadcrumbList\",\"@id\":\"https:\/\/laltragarrotxa.com\/en\/producte\/senderisme-mitja-jornada\/#breadcrumb\",\"itemListElement\":[{\"@type\":\"ListItem\",\"position\":1,\"name\":\"Inici\",\"item\":\"https:\/\/laltragarrotxa.com\/en\/\"},{\"@type\":\"ListItem\",\"position\":2,\"name\":\"Shop\",\"item\":\"https:\/\/laltragarrotxa.com\/en\/shop\/\"},{\"@type\":\"ListItem\",\"position\":3,\"name\":\"Senderisme, mitja jornada\"}]},{\"@type\":\"WebSite\",\"@id\":\"https:\/\/laltragarrotxa.com\/en\/#website\",\"url\":\"https:\/\/laltragarrotxa.com\/en\/\",\"name\":\"L'Altra Garrotxa\",\"description\":\"Tallers i activitats exclusives a l&#039;Alta Garrotxa\",\"publisher\":{\"@id\":\"https:\/\/laltragarrotxa.com\/en\/#organization\"},\"potentialAction\":[{\"@type\":\"SearchAction\",\"target\":{\"@type\":\"EntryPoint\",\"urlTemplate\":\"https:\/\/laltragarrotxa.com\/en\/?s={search_term_string}\"},\"query-input\":{\"@type\":\"PropertyValueSpecification\",\"valueRequired\":true,\"valueName\":\"search_term_string\"}}],\"inLanguage\":\"en-US\"},{\"@type\":\"Organization\",\"@id\":\"https:\/\/laltragarrotxa.com\/en\/#organization\",\"name\":\"L'Altra Garrotxa\",\"url\":\"https:\/\/laltragarrotxa.com\/en\/\",\"logo\":{\"@type\":\"ImageObject\",\"inLanguage\":\"en-US\",\"@id\":\"https:\/\/laltragarrotxa.com\/en\/#\/schema\/logo\/image\/\",\"url\":\"https:\/\/laltragarrotxa.com\/wp-content\/uploads\/2024\/07\/LALTrA-GARROTXA2-1.png\",\"contentUrl\":\"https:\/\/laltragarrotxa.com\/wp-content\/uploads\/2024\/07\/LALTrA-GARROTXA2-1.png\",\"width\":1699,\"height\":283,\"caption\":\"L'Altra Garrotxa\"},\"image\":{\"@id\":\"https:\/\/laltragarrotxa.com\/en\/#\/schema\/logo\/image\/\"}}]}<\/script>\n<!-- \/ Yoast SEO plugin. -->","yoast_head_json":{"title":"Senderisme, mitja jornada - L&#039;Altra Garrotxa","robots":{"index":"index","follow":"follow","max-snippet":"max-snippet:-1","max-image-preview":"max-image-preview:large","max-video-preview":"max-video-preview:-1"},"canonical":"https:\/\/laltragarrotxa.com\/en\/producte\/senderisme-mitja-jornada\/","og_locale":"en_US","og_type":"article","og_title":"Senderisme, mitja jornada - L&#039;Altra Garrotxa","og_description":"Preu tancat de 260\u20ac per grup de 1 a 6 persones,\u00a0 necessari reservar amb 24 hores d&#8217;antelaci\u00f3. Excursi\u00f3 de 5-6 hores aproximadament. El transport fins al lloc d&#8217;inici i tornada de l&#8217;activitat \u00e9s gratu\u00eft pels nostres clients. Ens ajustem a la condici\u00f3 f\u00edsica dels participants. Durant la sortida es realitzen diferents aturades en punts d&#8217;inter\u00e9s: [&hellip;]","og_url":"https:\/\/laltragarrotxa.com\/en\/producte\/senderisme-mitja-jornada\/","og_site_name":"L&#039;Altra Garrotxa","article_modified_time":"2025-05-27T09:51:47+00:00","og_image":[{"width":1400,"height":1400,"url":"https:\/\/laltragarrotxa.com\/wp-content\/uploads\/2024\/08\/DSF0651w.jpg","type":"image\/jpeg"}],"twitter_card":"summary_large_image","twitter_misc":{"Est. reading time":"1 minute"},"schema":{"@context":"https:\/\/schema.org","@graph":[{"@type":"WebPage","@id":"https:\/\/laltragarrotxa.com\/en\/producte\/senderisme-mitja-jornada\/","url":"https:\/\/laltragarrotxa.com\/en\/producte\/senderisme-mitja-jornada\/","name":"Senderisme, mitja jornada - L&#039;Altra Garrotxa","isPartOf":{"@id":"https:\/\/laltragarrotxa.com\/en\/#website"},"primaryImageOfPage":{"@id":"https:\/\/laltragarrotxa.com\/en\/producte\/senderisme-mitja-jornada\/#primaryimage"},"image":{"@id":"https:\/\/laltragarrotxa.com\/en\/producte\/senderisme-mitja-jornada\/#primaryimage"},"thumbnailUrl":"https:\/\/laltragarrotxa.com\/wp-content\/uploads\/2024\/08\/DSF0651w.jpg","datePublished":"2024-07-29T16:40:54+00:00","dateModified":"2025-05-27T09:51:47+00:00","breadcrumb":{"@id":"https:\/\/laltragarrotxa.com\/en\/producte\/senderisme-mitja-jornada\/#breadcrumb"},"inLanguage":"en-US","potentialAction":[{"@type":"ReadAction","target":["https:\/\/laltragarrotxa.com\/en\/producte\/senderisme-mitja-jornada\/"]}]},{"@type":"ImageObject","inLanguage":"en-US","@id":"https:\/\/laltragarrotxa.com\/en\/producte\/senderisme-mitja-jornada\/#primaryimage","url":"https:\/\/laltragarrotxa.com\/wp-content\/uploads\/2024\/08\/DSF0651w.jpg","contentUrl":"https:\/\/laltragarrotxa.com\/wp-content\/uploads\/2024\/08\/DSF0651w.jpg","width":1400,"height":1400},{"@type":"BreadcrumbList","@id":"https:\/\/laltragarrotxa.com\/en\/producte\/senderisme-mitja-jornada\/#breadcrumb","itemListElement":[{"@type":"ListItem","position":1,"name":"Inici","item":"https:\/\/laltragarrotxa.com\/en\/"},{"@type":"ListItem","position":2,"name":"Shop","item":"https:\/\/laltragarrotxa.com\/en\/shop\/"},{"@type":"ListItem","position":3,"name":"Senderisme, mitja jornada"}]},{"@type":"WebSite","@id":"https:\/\/laltragarrotxa.com\/en\/#website","url":"https:\/\/laltragarrotxa.com\/en\/","name":"L'Altra Garrotxa","description":"Tallers i activitats exclusives a l&#039;Alta Garrotxa","publisher":{"@id":"https:\/\/laltragarrotxa.com\/en\/#organization"},"potentialAction":[{"@type":"SearchAction","target":{"@type":"EntryPoint","urlTemplate":"https:\/\/laltragarrotxa.com\/en\/?s={search_term_string}"},"query-input":{"@type":"PropertyValueSpecification","valueRequired":true,"valueName":"search_term_string"}}],"inLanguage":"en-US"},{"@type":"Organization","@id":"https:\/\/laltragarrotxa.com\/en\/#organization","name":"L'Altra Garrotxa","url":"https:\/\/laltragarrotxa.com\/en\/","logo":{"@type":"ImageObject","inLanguage":"en-US","@id":"https:\/\/laltragarrotxa.com\/en\/#\/schema\/logo\/image\/","url":"https:\/\/laltragarrotxa.com\/wp-content\/uploads\/2024\/07\/LALTrA-GARROTXA2-1.png","contentUrl":"https:\/\/laltragarrotxa.com\/wp-content\/uploads\/2024\/07\/LALTrA-GARROTXA2-1.png","width":1699,"height":283,"caption":"L'Altra Garrotxa"},"image":{"@id":"https:\/\/laltragarrotxa.com\/en\/#\/schema\/logo\/image\/"}}]}},"_links":{"self":[{"href":"https:\/\/laltragarrotxa.com\/en\/wp-json\/wp\/v2\/product\/90","targetHints":{"allow":["GET"]}}],"collection":[{"href":"https:\/\/laltragarrotxa.com\/en\/wp-json\/wp\/v2\/product"}],"about":[{"href":"https:\/\/laltragarrotxa.com\/en\/wp-json\/wp\/v2\/types\/product"}],"wp:featuredmedia":[{"embeddable":true,"href":"https:\/\/laltragarrotxa.com\/en\/wp-json\/wp\/v2\/media\/297"}],"wp:attachment":[{"href":"https:\/\/laltragarrotxa.com\/en\/wp-json\/wp\/v2\/media?parent=90"}],"wp:term":[{"taxonomy":"product_cat","embeddable":true,"href":"https:\/\/laltragarrotxa.com\/en\/wp-json\/wp\/v2\/product_cat?post=90"},{"taxonomy":"product_tag","embeddable":true,"href":"https:\/\/laltragarrotxa.com\/en\/wp-json\/wp\/v2\/product_tag?post=90"}],"curies":[{"name":"wp","href":"https:\/\/api.w.org\/{rel}","templated":true}]}}

<p>Preu tancat de 260€ per grup de 1 a 6 persones,  necessari reservar amb 24 hores d&#8217;antelació.</p>
<p>Excursió de 5-6 hores aproximadament.</p>
<p>El transport fins al lloc d&#8217;inici i tornada de l&#8217;activitat és gratuït pels nostres clients.</p>
<p>Ens ajustem a la condició física dels participants.</p>
<p>Durant la sortida es realitzen diferents aturades en punts d&#8217;interés: coves, ermites, miradors, masos amics, boscos, arbres centenaris&#8230;</p>
<p>Si t&#8217;agrada la fotografia, durant la sortida t&#8217;ajudaré a millorar les teves imatges, tan si utilitzes el mòbil com càmera digital.</p>
<p>Disposem de moltes sortides diferents adaptades a les diferents estacions de l&#8217;any i a l&#8217;interés del visitant.</p>
<p><strong>Possibilitat d&#8217;organitzar dinar en mas particular o enmig de la natura (contactar per organitzar 48h abans, preu no inclós)</strong></p>
<p>&nbsp;</p>
<p>&nbsp;</p>

<p>Preu tancat de 260€ per grup de 1 a 6 persones,  necessari reservar amb 24 hores d&#8217;antelació. Excursió de 5-6 hores aproximadament. El transport fins al lloc d&#8217;inici i tornada de l&#8217;activitat és gratuït pels nostres clients. Ens ajustem a la condició física dels participants. Durant la sortida es realitzen diferents aturades en punts d&#8217;interés: [&hellip;]</p>

<!-- This site is optimized with the Yoast SEO plugin v25.7 - https://yoast.com/wordpress/plugins/seo/ -->
<title>Senderisme, mitja jornada - L&#039;Altra Garrotxa</title>
<meta name="robots" content="index, follow, max-snippet:-1, max-image-preview:large, max-video-preview:-1" />
<link rel="canonical" href="https://laltragarrotxa.com/en/producte/senderisme-mitja-jornada/" />
<meta property="og:locale" content="en_US" />
<meta property="og:type" content="article" />
<meta property="og:title" content="Senderisme, mitja jornada - L&#039;Altra Garrotxa" />
<meta property="og:description" content="Preu tancat de 260€ per grup de 1 a 6 persones,  necessari reservar amb 24 hores d&#8217;antelació. Excursió de 5-6 hores aproximadament. El transport fins al lloc d&#8217;inici i tornada de l&#8217;activitat és gratuït pels nostres clients. Ens ajustem a la condició física dels participants. Durant la sortida es realitzen diferents aturades en punts d&#8217;interés: [&hellip;]" />
<meta property="og:url" content="https://laltragarrotxa.com/en/producte/senderisme-mitja-jornada/" />
<meta property="og:site_name" content="L&#039;Altra Garrotxa" />
<meta property="article:modified_time" content="2025-05-27T09:51:47+00:00" />
<meta property="og:image" content="https://laltragarrotxa.com/wp-content/uploads/2024/08/DSF0651w.jpg" />
	<meta property="og:image:width" content="1400" />
	<meta property="og:image:height" content="1400" />
	<meta property="og:image:type" content="image/jpeg" />
<meta name="twitter:card" content="summary_large_image" />
<meta name="twitter:label1" content="Est. reading time" />
	<meta name="twitter:data1" content="1 minute" />
<script type="application/ld+json" class="yoast-schema-graph">{"@context":"https://schema.org","@graph":[{"@type":"WebPage","@id":"https://laltragarrotxa.com/en/producte/senderisme-mitja-jornada/","url":"https://laltragarrotxa.com/en/producte/senderisme-mitja-jornada/","name":"Senderisme, mitja jornada - L&#039;Altra Garrotxa","isPartOf":{"@id":"https://laltragarrotxa.com/en/#website"},"primaryImageOfPage":{"@id":"https://laltragarrotxa.com/en/producte/senderisme-mitja-jornada/#primaryimage"},"image":{"@id":"https://laltragarrotxa.com/en/producte/senderisme-mitja-jornada/#primaryimage"},"thumbnailUrl":"https://laltragarrotxa.com/wp-content/uploads/2024/08/DSF0651w.jpg","datePublished":"2024-07-29T16:40:54+00:00","dateModified":"2025-05-27T09:51:47+00:00","breadcrumb":{"@id":"https://laltragarrotxa.com/en/producte/senderisme-mitja-jornada/#breadcrumb"},"inLanguage":"en-US","potentialAction":[{"@type":"ReadAction","target":["https://laltragarrotxa.com/en/producte/senderisme-mitja-jornada/"]}]},{"@type":"ImageObject","inLanguage":"en-US","@id":"https://laltragarrotxa.com/en/producte/senderisme-mitja-jornada/#primaryimage","url":"https://laltragarrotxa.com/wp-content/uploads/2024/08/DSF0651w.jpg","contentUrl":"https://laltragarrotxa.com/wp-content/uploads/2024/08/DSF0651w.jpg","width":1400,"height":1400},{"@type":"BreadcrumbList","@id":"https://laltragarrotxa.com/en/producte/senderisme-mitja-jornada/#breadcrumb","itemListElement":[{"@type":"ListItem","position":1,"name":"Inici","item":"https://laltragarrotxa.com/en/"},{"@type":"ListItem","position":2,"name":"Shop","item":"https://laltragarrotxa.com/en/shop/"},{"@type":"ListItem","position":3,"name":"Senderisme, mitja jornada"}]},{"@type":"WebSite","@id":"https://laltragarrotxa.com/en/#website","url":"https://laltragarrotxa.com/en/","name":"L'Altra Garrotxa","description":"Tallers i activitats exclusives a l&#039;Alta Garrotxa","publisher":{"@id":"https://laltragarrotxa.com/en/#organization"},"potentialAction":[{"@type":"SearchAction","target":{"@type":"EntryPoint","urlTemplate":"https://laltragarrotxa.com/en/?s={search_term_string}"},"query-input":{"@type":"PropertyValueSpecification","valueRequired":true,"valueName":"search_term_string"}}],"inLanguage":"en-US"},{"@type":"Organization","@id":"https://laltragarrotxa.com/en/#organization","name":"L'Altra Garrotxa","url":"https://laltragarrotxa.com/en/","logo":{"@type":"ImageObject","inLanguage":"en-US","@id":"https://laltragarrotxa.com/en/#/schema/logo/image/","url":"https://laltragarrotxa.com/wp-content/uploads/2024/07/LALTrA-GARROTXA2-1.png","contentUrl":"https://laltragarrotxa.com/wp-content/uploads/2024/07/LALTrA-GARROTXA2-1.png","width":1699,"height":283,"caption":"L'Altra Garrotxa"},"image":{"@id":"https://laltragarrotxa.com/en/#/schema/logo/image/"}}]}</script>
<!-- / Yoast SEO plugin. -->

Preu tancat de 260€ per grup de 1 a 6 persones,  necessari reservar amb 24 hores d&#8217;antelació. Excursió de 5-6 hores aproximadament. El transport fins al lloc d&#8217;inici i tornada de l&#8217;activitat és gratuït pels nostres clients. Ens ajustem a la condició física dels participants. Durant la sortida es realitzen diferents aturades en punts d&#8217;interés: [&hellip;]
