{"id":86,"date":"2024-07-29T18:34:35","date_gmt":"2024-07-29T16:34:35","guid":{"rendered":"https:\/\/laltragarrotxa.btiquets.com\/?post_type=product&#038;p=86"},"modified":"2025-06-04T14:41:19","modified_gmt":"2025-06-04T12:41:19","slug":"arbres-monumentals","status":"publish","type":"product","link":"https:\/\/laltragarrotxa.com\/es\/producte\/arbres-monumentals\/","title":{"rendered":"Arbres monumentals"},"content":{"rendered":"<p><strong>Passejada entre arbres monumentals: una experi\u00e8ncia amb arrels<\/strong><\/p>\n<p data-start=\"200\" data-end=\"519\">T\u2019imagines estar al costat d\u2019un arbre que ha vist passar m\u00e9s de cinc-cents hiverns? En aquesta sortida et proposem una passejada tranquil\u00b7la i propera per con\u00e8ixer alguns dels arbres m\u00e9s vells i imponents del nostre territori: roures, alzines, faigs, teixos&#8230; S\u00f3n \u00e9ssers vius amb una pres\u00e8ncia que impressiona, testimonis silenciosos del pas del temps.<\/p>\n<p data-start=\"521\" data-end=\"826\">L\u2019activitat, d\u2019una durada aproximada de quatre a cinc hores, comen\u00e7a a <strong data-start=\"589\" data-end=\"599\">Tortell\u00e0<\/strong>, punt de trobada des d\u2019on ens despla\u00e7arem en <strong data-start=\"645\" data-end=\"668\">vehicle tot terreny<\/strong> fins a zones boscoses allunyades i plenes de m\u00e0gia. A peu, farem un recorregut suau i accessible, amb parades per observar, escoltar i compartir impressions.<\/p>\n<p data-start=\"828\" data-end=\"1064\">\u00c9s una proposta pensada per a <strong data-start=\"858\" data-end=\"875\">grups redu\u00efts<\/strong>, per viure l\u2019experi\u00e8ncia amb calma i respecte. Coneixerem hist\u00f2ries, curiositats i el valor ecol\u00f2gic d\u2019aquests arbres centenaris, tot deixant-nos portar pel silenci i la bellesa del bosc.<\/p>\n<p data-start=\"1066\" data-end=\"1174\"><strong data-start=\"1066\" data-end=\"1174\">Activitat disponible sota demanda, qualsevol dia de la setmana, amb reserva pr\u00e8via m\u00ednim 24 hores abans. Preu tancat de 250\u20ac per grup fins a 6 persones.<\/strong><\/p>\n<p data-start=\"1176\" data-end=\"1262\">Nom\u00e9s cal cal\u00e7at c\u00f2mode, una mica d\u2019aigua i moltes ganes de reconnectar amb la natura.<\/p>\n","protected":false},"excerpt":{"rendered":"<p>Passejada entre arbres monumentals: una experi\u00e8ncia amb arrels T\u2019imagines estar al costat d\u2019un arbre que ha vist passar m\u00e9s de cinc-cents hiverns? En aquesta sortida et proposem una passejada tranquil\u00b7la i propera per con\u00e8ixer alguns dels arbres m\u00e9s vells i imponents del nostre territori: roures, alzines, faigs, teixos&#8230; S\u00f3n \u00e9ssers vius amb una pres\u00e8ncia que [&hellip;]<\/p>\n","protected":false},"featured_media":207,"template":"","meta":[],"product_cat":[15],"product_tag":[],"class_list":{"0":"post-86","1":"product","2":"type-product","3":"status-publish","4":"has-post-thumbnail","6":"product_cat-sempre-tot-lany","8":"first","9":"instock","10":"sold-individually","11":"taxable","12":"shipping-taxable","13":"purchasable","14":"product-type-simple"},"yoast_head":"<!-- This site is optimized with the Yoast SEO plugin v25.7 - https:\/\/yoast.com\/wordpress\/plugins\/seo\/ -->\n<title>Arbres monumentals - L&#039;Altra Garrotxa<\/title>\n<meta name=\"robots\" content=\"index, follow, max-snippet:-1, max-image-preview:large, max-video-preview:-1\" \/>\n<link rel=\"canonical\" href=\"https:\/\/laltragarrotxa.com\/es\/producte\/arbres-monumentals\/\" \/>\n<meta property=\"og:locale\" content=\"es_ES\" \/>\n<meta property=\"og:type\" content=\"article\" \/>\n<meta property=\"og:title\" content=\"Arbres monumentals - L&#039;Altra Garrotxa\" \/>\n<meta property=\"og:description\" content=\"Passejada entre arbres monumentals: una experi\u00e8ncia amb arrels T\u2019imagines estar al costat d\u2019un arbre que ha vist passar m\u00e9s de cinc-cents hiverns? En aquesta sortida et proposem una passejada tranquil\u00b7la i propera per con\u00e8ixer alguns dels arbres m\u00e9s vells i imponents del nostre territori: roures, alzines, faigs, teixos&#8230; S\u00f3n \u00e9ssers vius amb una pres\u00e8ncia que [&hellip;]\" \/>\n<meta property=\"og:url\" content=\"https:\/\/laltragarrotxa.com\/es\/producte\/arbres-monumentals\/\" \/>\n<meta property=\"og:site_name\" content=\"L&#039;Altra Garrotxa\" \/>\n<meta property=\"article:modified_time\" content=\"2025-06-04T12:41:19+00:00\" \/>\n<meta property=\"og:image\" content=\"https:\/\/laltragarrotxa.com\/wp-content\/uploads\/2024\/08\/Y9A0150web.jpg\" \/>\n\t<meta property=\"og:image:width\" content=\"1500\" \/>\n\t<meta property=\"og:image:height\" content=\"1057\" \/>\n\t<meta property=\"og:image:type\" content=\"image\/jpeg\" \/>\n<meta name=\"twitter:card\" content=\"summary_large_image\" \/>\n<meta name=\"twitter:label1\" content=\"Tiempo de lectura\" \/>\n\t<meta name=\"twitter:data1\" content=\"2 minutos\" \/>\n<script type=\"application\/ld+json\" class=\"yoast-schema-graph\">{\"@context\":\"https:\/\/schema.org\",\"@graph\":[{\"@type\":\"WebPage\",\"@id\":\"https:\/\/laltragarrotxa.com\/es\/producte\/arbres-monumentals\/\",\"url\":\"https:\/\/laltragarrotxa.com\/es\/producte\/arbres-monumentals\/\",\"name\":\"Arbres monumentals - L&#039;Altra Garrotxa\",\"isPartOf\":{\"@id\":\"https:\/\/laltragarrotxa.com\/es\/#website\"},\"primaryImageOfPage\":{\"@id\":\"https:\/\/laltragarrotxa.com\/es\/producte\/arbres-monumentals\/#primaryimage\"},\"image\":{\"@id\":\"https:\/\/laltragarrotxa.com\/es\/producte\/arbres-monumentals\/#primaryimage\"},\"thumbnailUrl\":\"https:\/\/laltragarrotxa.com\/wp-content\/uploads\/2024\/08\/Y9A0150web.jpg\",\"datePublished\":\"2024-07-29T16:34:35+00:00\",\"dateModified\":\"2025-06-04T12:41:19+00:00\",\"breadcrumb\":{\"@id\":\"https:\/\/laltragarrotxa.com\/es\/producte\/arbres-monumentals\/#breadcrumb\"},\"inLanguage\":\"es\",\"potentialAction\":[{\"@type\":\"ReadAction\",\"target\":[\"https:\/\/laltragarrotxa.com\/es\/producte\/arbres-monumentals\/\"]}]},{\"@type\":\"ImageObject\",\"inLanguage\":\"es\",\"@id\":\"https:\/\/laltragarrotxa.com\/es\/producte\/arbres-monumentals\/#primaryimage\",\"url\":\"https:\/\/laltragarrotxa.com\/wp-content\/uploads\/2024\/08\/Y9A0150web.jpg\",\"contentUrl\":\"https:\/\/laltragarrotxa.com\/wp-content\/uploads\/2024\/08\/Y9A0150web.jpg\",\"width\":1500,\"height\":1057},{\"@type\":\"BreadcrumbList\",\"@id\":\"https:\/\/laltragarrotxa.com\/es\/producte\/arbres-monumentals\/#breadcrumb\",\"itemListElement\":[{\"@type\":\"ListItem\",\"position\":1,\"name\":\"Inici\",\"item\":\"https:\/\/laltragarrotxa.com\/es\/\"},{\"@type\":\"ListItem\",\"position\":2,\"name\":\"Tienda\",\"item\":\"https:\/\/laltragarrotxa.com\/es\/tienda\/\"},{\"@type\":\"ListItem\",\"position\":3,\"name\":\"Arbres monumentals\"}]},{\"@type\":\"WebSite\",\"@id\":\"https:\/\/laltragarrotxa.com\/es\/#website\",\"url\":\"https:\/\/laltragarrotxa.com\/es\/\",\"name\":\"L'Altra Garrotxa\",\"description\":\"Tallers i activitats exclusives a l&#039;Alta Garrotxa\",\"publisher\":{\"@id\":\"https:\/\/laltragarrotxa.com\/es\/#organization\"},\"potentialAction\":[{\"@type\":\"SearchAction\",\"target\":{\"@type\":\"EntryPoint\",\"urlTemplate\":\"https:\/\/laltragarrotxa.com\/es\/?s={search_term_string}\"},\"query-input\":{\"@type\":\"PropertyValueSpecification\",\"valueRequired\":true,\"valueName\":\"search_term_string\"}}],\"inLanguage\":\"es\"},{\"@type\":\"Organization\",\"@id\":\"https:\/\/laltragarrotxa.com\/es\/#organization\",\"name\":\"L'Altra Garrotxa\",\"url\":\"https:\/\/laltragarrotxa.com\/es\/\",\"logo\":{\"@type\":\"ImageObject\",\"inLanguage\":\"es\",\"@id\":\"https:\/\/laltragarrotxa.com\/es\/#\/schema\/logo\/image\/\",\"url\":\"https:\/\/laltragarrotxa.com\/wp-content\/uploads\/2024\/07\/LALTrA-GARROTXA2-1.png\",\"contentUrl\":\"https:\/\/laltragarrotxa.com\/wp-content\/uploads\/2024\/07\/LALTrA-GARROTXA2-1.png\",\"width\":1699,\"height\":283,\"caption\":\"L'Altra Garrotxa\"},\"image\":{\"@id\":\"https:\/\/laltragarrotxa.com\/es\/#\/schema\/logo\/image\/\"}}]}<\/script>\n<!-- \/ Yoast SEO plugin. -->","yoast_head_json":{"title":"Arbres monumentals - L&#039;Altra Garrotxa","robots":{"index":"index","follow":"follow","max-snippet":"max-snippet:-1","max-image-preview":"max-image-preview:large","max-video-preview":"max-video-preview:-1"},"canonical":"https:\/\/laltragarrotxa.com\/es\/producte\/arbres-monumentals\/","og_locale":"es_ES","og_type":"article","og_title":"Arbres monumentals - L&#039;Altra Garrotxa","og_description":"Passejada entre arbres monumentals: una experi\u00e8ncia amb arrels T\u2019imagines estar al costat d\u2019un arbre que ha vist passar m\u00e9s de cinc-cents hiverns? En aquesta sortida et proposem una passejada tranquil\u00b7la i propera per con\u00e8ixer alguns dels arbres m\u00e9s vells i imponents del nostre territori: roures, alzines, faigs, teixos&#8230; S\u00f3n \u00e9ssers vius amb una pres\u00e8ncia que [&hellip;]","og_url":"https:\/\/laltragarrotxa.com\/es\/producte\/arbres-monumentals\/","og_site_name":"L&#039;Altra Garrotxa","article_modified_time":"2025-06-04T12:41:19+00:00","og_image":[{"width":1500,"height":1057,"url":"https:\/\/laltragarrotxa.com\/wp-content\/uploads\/2024\/08\/Y9A0150web.jpg","type":"image\/jpeg"}],"twitter_card":"summary_large_image","twitter_misc":{"Tiempo de lectura":"2 minutos"},"schema":{"@context":"https:\/\/schema.org","@graph":[{"@type":"WebPage","@id":"https:\/\/laltragarrotxa.com\/es\/producte\/arbres-monumentals\/","url":"https:\/\/laltragarrotxa.com\/es\/producte\/arbres-monumentals\/","name":"Arbres monumentals - L&#039;Altra Garrotxa","isPartOf":{"@id":"https:\/\/laltragarrotxa.com\/es\/#website"},"primaryImageOfPage":{"@id":"https:\/\/laltragarrotxa.com\/es\/producte\/arbres-monumentals\/#primaryimage"},"image":{"@id":"https:\/\/laltragarrotxa.com\/es\/producte\/arbres-monumentals\/#primaryimage"},"thumbnailUrl":"https:\/\/laltragarrotxa.com\/wp-content\/uploads\/2024\/08\/Y9A0150web.jpg","datePublished":"2024-07-29T16:34:35+00:00","dateModified":"2025-06-04T12:41:19+00:00","breadcrumb":{"@id":"https:\/\/laltragarrotxa.com\/es\/producte\/arbres-monumentals\/#breadcrumb"},"inLanguage":"es","potentialAction":[{"@type":"ReadAction","target":["https:\/\/laltragarrotxa.com\/es\/producte\/arbres-monumentals\/"]}]},{"@type":"ImageObject","inLanguage":"es","@id":"https:\/\/laltragarrotxa.com\/es\/producte\/arbres-monumentals\/#primaryimage","url":"https:\/\/laltragarrotxa.com\/wp-content\/uploads\/2024\/08\/Y9A0150web.jpg","contentUrl":"https:\/\/laltragarrotxa.com\/wp-content\/uploads\/2024\/08\/Y9A0150web.jpg","width":1500,"height":1057},{"@type":"BreadcrumbList","@id":"https:\/\/laltragarrotxa.com\/es\/producte\/arbres-monumentals\/#breadcrumb","itemListElement":[{"@type":"ListItem","position":1,"name":"Inici","item":"https:\/\/laltragarrotxa.com\/es\/"},{"@type":"ListItem","position":2,"name":"Tienda","item":"https:\/\/laltragarrotxa.com\/es\/tienda\/"},{"@type":"ListItem","position":3,"name":"Arbres monumentals"}]},{"@type":"WebSite","@id":"https:\/\/laltragarrotxa.com\/es\/#website","url":"https:\/\/laltragarrotxa.com\/es\/","name":"L'Altra Garrotxa","description":"Tallers i activitats exclusives a l&#039;Alta Garrotxa","publisher":{"@id":"https:\/\/laltragarrotxa.com\/es\/#organization"},"potentialAction":[{"@type":"SearchAction","target":{"@type":"EntryPoint","urlTemplate":"https:\/\/laltragarrotxa.com\/es\/?s={search_term_string}"},"query-input":{"@type":"PropertyValueSpecification","valueRequired":true,"valueName":"search_term_string"}}],"inLanguage":"es"},{"@type":"Organization","@id":"https:\/\/laltragarrotxa.com\/es\/#organization","name":"L'Altra Garrotxa","url":"https:\/\/laltragarrotxa.com\/es\/","logo":{"@type":"ImageObject","inLanguage":"es","@id":"https:\/\/laltragarrotxa.com\/es\/#\/schema\/logo\/image\/","url":"https:\/\/laltragarrotxa.com\/wp-content\/uploads\/2024\/07\/LALTrA-GARROTXA2-1.png","contentUrl":"https:\/\/laltragarrotxa.com\/wp-content\/uploads\/2024\/07\/LALTrA-GARROTXA2-1.png","width":1699,"height":283,"caption":"L'Altra Garrotxa"},"image":{"@id":"https:\/\/laltragarrotxa.com\/es\/#\/schema\/logo\/image\/"}}]}},"_links":{"self":[{"href":"https:\/\/laltragarrotxa.com\/es\/wp-json\/wp\/v2\/product\/86","targetHints":{"allow":["GET"]}}],"collection":[{"href":"https:\/\/laltragarrotxa.com\/es\/wp-json\/wp\/v2\/product"}],"about":[{"href":"https:\/\/laltragarrotxa.com\/es\/wp-json\/wp\/v2\/types\/product"}],"wp:featuredmedia":[{"embeddable":true,"href":"https:\/\/laltragarrotxa.com\/es\/wp-json\/wp\/v2\/media\/207"}],"wp:attachment":[{"href":"https:\/\/laltragarrotxa.com\/es\/wp-json\/wp\/v2\/media?parent=86"}],"wp:term":[{"taxonomy":"product_cat","embeddable":true,"href":"https:\/\/laltragarrotxa.com\/es\/wp-json\/wp\/v2\/product_cat?post=86"},{"taxonomy":"product_tag","embeddable":true,"href":"https:\/\/laltragarrotxa.com\/es\/wp-json\/wp\/v2\/product_tag?post=86"}],"curies":[{"name":"wp","href":"https:\/\/api.w.org\/{rel}","templated":true}]}}

<p><strong>Passejada entre arbres monumentals: una experiència amb arrels</strong></p>
<p data-start="200" data-end="519">T’imagines estar al costat d’un arbre que ha vist passar més de cinc-cents hiverns? En aquesta sortida et proposem una passejada tranquil·la i propera per conèixer alguns dels arbres més vells i imponents del nostre territori: roures, alzines, faigs, teixos&#8230; Són éssers vius amb una presència que impressiona, testimonis silenciosos del pas del temps.</p>
<p data-start="521" data-end="826">L’activitat, d’una durada aproximada de quatre a cinc hores, comença a <strong data-start="589" data-end="599">Tortellà</strong>, punt de trobada des d’on ens desplaçarem en <strong data-start="645" data-end="668">vehicle tot terreny</strong> fins a zones boscoses allunyades i plenes de màgia. A peu, farem un recorregut suau i accessible, amb parades per observar, escoltar i compartir impressions.</p>
<p data-start="828" data-end="1064">És una proposta pensada per a <strong data-start="858" data-end="875">grups reduïts</strong>, per viure l’experiència amb calma i respecte. Coneixerem històries, curiositats i el valor ecològic d’aquests arbres centenaris, tot deixant-nos portar pel silenci i la bellesa del bosc.</p>
<p data-start="1066" data-end="1174"><strong data-start="1066" data-end="1174">Activitat disponible sota demanda, qualsevol dia de la setmana, amb reserva prèvia mínim 24 hores abans. Preu tancat de 250€ per grup fins a 6 persones.</strong></p>
<p data-start="1176" data-end="1262">Només cal calçat còmode, una mica d’aigua i moltes ganes de reconnectar amb la natura.</p>

<p>Passejada entre arbres monumentals: una experiència amb arrels T’imagines estar al costat d’un arbre que ha vist passar més de cinc-cents hiverns? En aquesta sortida et proposem una passejada tranquil·la i propera per conèixer alguns dels arbres més vells i imponents del nostre territori: roures, alzines, faigs, teixos&#8230; Són éssers vius amb una presència que [&hellip;]</p>

<!-- This site is optimized with the Yoast SEO plugin v25.7 - https://yoast.com/wordpress/plugins/seo/ -->
<title>Arbres monumentals - L&#039;Altra Garrotxa</title>
<meta name="robots" content="index, follow, max-snippet:-1, max-image-preview:large, max-video-preview:-1" />
<link rel="canonical" href="https://laltragarrotxa.com/es/producte/arbres-monumentals/" />
<meta property="og:locale" content="es_ES" />
<meta property="og:type" content="article" />
<meta property="og:title" content="Arbres monumentals - L&#039;Altra Garrotxa" />
<meta property="og:description" content="Passejada entre arbres monumentals: una experiència amb arrels T’imagines estar al costat d’un arbre que ha vist passar més de cinc-cents hiverns? En aquesta sortida et proposem una passejada tranquil·la i propera per conèixer alguns dels arbres més vells i imponents del nostre territori: roures, alzines, faigs, teixos&#8230; Són éssers vius amb una presència que [&hellip;]" />
<meta property="og:url" content="https://laltragarrotxa.com/es/producte/arbres-monumentals/" />
<meta property="og:site_name" content="L&#039;Altra Garrotxa" />
<meta property="article:modified_time" content="2025-06-04T12:41:19+00:00" />
<meta property="og:image" content="https://laltragarrotxa.com/wp-content/uploads/2024/08/Y9A0150web.jpg" />
	<meta property="og:image:width" content="1500" />
	<meta property="og:image:height" content="1057" />
	<meta property="og:image:type" content="image/jpeg" />
<meta name="twitter:card" content="summary_large_image" />
<meta name="twitter:label1" content="Tiempo de lectura" />
	<meta name="twitter:data1" content="2 minutos" />
<script type="application/ld+json" class="yoast-schema-graph">{"@context":"https://schema.org","@graph":[{"@type":"WebPage","@id":"https://laltragarrotxa.com/es/producte/arbres-monumentals/","url":"https://laltragarrotxa.com/es/producte/arbres-monumentals/","name":"Arbres monumentals - L&#039;Altra Garrotxa","isPartOf":{"@id":"https://laltragarrotxa.com/es/#website"},"primaryImageOfPage":{"@id":"https://laltragarrotxa.com/es/producte/arbres-monumentals/#primaryimage"},"image":{"@id":"https://laltragarrotxa.com/es/producte/arbres-monumentals/#primaryimage"},"thumbnailUrl":"https://laltragarrotxa.com/wp-content/uploads/2024/08/Y9A0150web.jpg","datePublished":"2024-07-29T16:34:35+00:00","dateModified":"2025-06-04T12:41:19+00:00","breadcrumb":{"@id":"https://laltragarrotxa.com/es/producte/arbres-monumentals/#breadcrumb"},"inLanguage":"es","potentialAction":[{"@type":"ReadAction","target":["https://laltragarrotxa.com/es/producte/arbres-monumentals/"]}]},{"@type":"ImageObject","inLanguage":"es","@id":"https://laltragarrotxa.com/es/producte/arbres-monumentals/#primaryimage","url":"https://laltragarrotxa.com/wp-content/uploads/2024/08/Y9A0150web.jpg","contentUrl":"https://laltragarrotxa.com/wp-content/uploads/2024/08/Y9A0150web.jpg","width":1500,"height":1057},{"@type":"BreadcrumbList","@id":"https://laltragarrotxa.com/es/producte/arbres-monumentals/#breadcrumb","itemListElement":[{"@type":"ListItem","position":1,"name":"Inici","item":"https://laltragarrotxa.com/es/"},{"@type":"ListItem","position":2,"name":"Tienda","item":"https://laltragarrotxa.com/es/tienda/"},{"@type":"ListItem","position":3,"name":"Arbres monumentals"}]},{"@type":"WebSite","@id":"https://laltragarrotxa.com/es/#website","url":"https://laltragarrotxa.com/es/","name":"L'Altra Garrotxa","description":"Tallers i activitats exclusives a l&#039;Alta Garrotxa","publisher":{"@id":"https://laltragarrotxa.com/es/#organization"},"potentialAction":[{"@type":"SearchAction","target":{"@type":"EntryPoint","urlTemplate":"https://laltragarrotxa.com/es/?s={search_term_string}"},"query-input":{"@type":"PropertyValueSpecification","valueRequired":true,"valueName":"search_term_string"}}],"inLanguage":"es"},{"@type":"Organization","@id":"https://laltragarrotxa.com/es/#organization","name":"L'Altra Garrotxa","url":"https://laltragarrotxa.com/es/","logo":{"@type":"ImageObject","inLanguage":"es","@id":"https://laltragarrotxa.com/es/#/schema/logo/image/","url":"https://laltragarrotxa.com/wp-content/uploads/2024/07/LALTrA-GARROTXA2-1.png","contentUrl":"https://laltragarrotxa.com/wp-content/uploads/2024/07/LALTrA-GARROTXA2-1.png","width":1699,"height":283,"caption":"L'Altra Garrotxa"},"image":{"@id":"https://laltragarrotxa.com/es/#/schema/logo/image/"}}]}</script>
<!-- / Yoast SEO plugin. -->

Passejada entre arbres monumentals: una experiència amb arrels T’imagines estar al costat d’un arbre que ha vist passar més de cinc-cents hiverns? En aquesta sortida et proposem una passejada tranquil·la i propera per conèixer alguns dels arbres més vells i imponents del nostre territori: roures, alzines, faigs, teixos&#8230; Són éssers vius amb una presència que [&hellip;]
